
{"id":268,"date":"2015-10-07T15:53:24","date_gmt":"2015-10-07T15:53:24","guid":{"rendered":"http:\/\/www.pnrrc.pt\/?page_id=268"},"modified":"2023-03-09T15:24:26","modified_gmt":"2023-03-09T15:24:26","slug":"sub-comissao-da-cnpc","status":"publish","type":"page","link":"https:\/\/www.pnrrc.pt\/index.php\/sub-comissao-da-cnpc\/","title":{"rendered":"Sub-Comiss\u00e3o da CNPC"},"content":{"rendered":"<p style=\"text-align: justify;\"><span style=\"color: #000000;\">A Sub-Comiss\u00e3o da Comiss\u00e3o Nacional de Protec\u00e7\u00e3o Civil, \u00e9 a <strong>entidade respons\u00e1vel pela operacionaliza\u00e7\u00e3o das decis\u00f5es pol\u00edticas emanadas pela Plataforma Nacional para a Redu\u00e7\u00e3o do Risco de Cat\u00e1strofes<\/strong> (PNRRC) que em Portugal \u00e9 representada pela Comiss\u00e3o Nacional de Protec\u00e7\u00e3o Civil (CNPC).<\/span><\/p>\n<p style=\"text-align: center;\"><a href=\"https:\/\/www.pnrrc.pt\/wp-content\/uploads\/2023\/03\/PNRRC_imagem-logotipos_2023-1.png\"><img decoding=\"async\" loading=\"lazy\" class=\"alignnone wp-image-2239 size-full\" src=\"https:\/\/www.pnrrc.pt\/wp-content\/uploads\/2023\/03\/PNRRC_imagem-logotipos_2023-1.png\" alt=\"\" width=\"570\" height=\"488\" srcset=\"https:\/\/www.pnrrc.pt\/wp-content\/uploads\/2023\/03\/PNRRC_imagem-logotipos_2023-1.png 570w, https:\/\/www.pnrrc.pt\/wp-content\/uploads\/2023\/03\/PNRRC_imagem-logotipos_2023-1-300x257.png 300w\" sizes=\"(max-width: 570px) 100vw, 570px\" \/><\/a><\/p>\n<p><span style=\"color: #000000;\">S\u00e3o 71 entidades que constituem esta\u00a0 Sub-Comiss\u00e3o, entre entidades p\u00fablicas e privadas, sob coordena\u00e7\u00e3o da ANEPC. \u00c9 objetivo deste for\u00fam implementar o Plano de Atividades da Plataforma Nacional e de propor a realiza\u00e7\u00e3o de a\u00e7\u00f5es nos dom\u00ednios do Quadro de Sendai, onde foram definidas as linhas orientadores para a d\u00e9cada 2015-2030.<\/span><\/p>\n<p>&nbsp;<\/p>\n","protected":false},"excerpt":{"rendered":"<p>A Sub-Comiss\u00e3o da Comiss\u00e3o Nacional de Protec\u00e7\u00e3o Civil, \u00e9 a entidade respons\u00e1vel pela operacionaliza\u00e7\u00e3o das decis\u00f5es pol\u00edticas emanadas pela Plataforma Nacional para a Redu\u00e7\u00e3o do Risco de Cat\u00e1strofes (PNRRC) que em Portugal \u00e9 representada pela Comiss\u00e3o Nacional de Protec\u00e7\u00e3o Civil<\/p>\n","protected":false},"author":2,"featured_media":0,"parent":0,"menu_order":0,"comment_status":"closed","ping_status":"closed","template":"","meta":[],"_links":{"self":[{"href":"https:\/\/www.pnrrc.pt\/index.php\/wp-json\/wp\/v2\/pages\/268"}],"collection":[{"href":"https:\/\/www.pnrrc.pt\/index.php\/wp-json\/wp\/v2\/pages"}],"about":[{"href":"https:\/\/www.pnrrc.pt\/index.php\/wp-json\/wp\/v2\/types\/page"}],"author":[{"embeddable":true,"href":"https:\/\/www.pnrrc.pt\/index.php\/wp-json\/wp\/v2\/users\/2"}],"replies":[{"embeddable":true,"href":"https:\/\/www.pnrrc.pt\/index.php\/wp-json\/wp\/v2\/comments?post=268"}],"version-history":[{"count":21,"href":"https:\/\/www.pnrrc.pt\/index.php\/wp-json\/wp\/v2\/pages\/268\/revisions"}],"predecessor-version":[{"id":2240,"href":"https:\/\/www.pnrrc.pt\/index.php\/wp-json\/wp\/v2\/pages\/268\/revisions\/2240"}],"wp:attachment":[{"href":"https:\/\/www.pnrrc.pt\/index.php\/wp-json\/wp\/v2\/media?parent=268"}],"curies":[{"name":"wp","href":"https:\/\/api.w.org\/{rel}","templated":true}]}}