
{"id":2040,"date":"2021-10-29T09:15:29","date_gmt":"2021-10-29T09:15:29","guid":{"rendered":"http:\/\/www.pnrrc.pt\/?page_id=2040"},"modified":"2021-10-29T11:59:12","modified_gmt":"2021-10-29T11:59:12","slug":"atividades-2018-2020","status":"publish","type":"page","link":"https:\/\/www.pnrrc.pt\/index.php\/atividades-2018-2020\/","title":{"rendered":"Atividades 2018-2020"},"content":{"rendered":"<p style=\"text-align: justify;\"><span style=\"color: #000000;\">O Plano de Atividades da PNRRC para o tri\u00e9nio 2018-2020 caracteriza-se pela persecu\u00e7\u00e3o de medidas transversais tendentes \u00e0 redu\u00e7\u00e3o de\u00a0risco e ao aumento da resili\u00eancia, tendo como linha de a\u00e7\u00e3o a cria\u00e7\u00e3o de grupos de trabalho para metas espec\u00edficas.\u00a0A saber:<\/span><\/p>\n<p>&nbsp;<\/p>\n<p style=\"text-align: center;\"><span style=\"color: #000000;\"><strong>Atividades da PNRRC para o Tri\u00e9nio 2018-2020<\/strong><\/span><\/p>\n<p>&nbsp;<\/p>\n<table style=\"height: 1050px;\" width=\"1062\">\n<tbody>\n<tr>\n<td style=\"text-align: left;\" width=\"67\"><span style=\"color: #000000;\"><strong>GT<\/strong><\/span><\/td>\n<td style=\"text-align: left;\" width=\"252\"><span style=\"color: #000000;\"><strong>Objetivos<\/strong><\/span><\/td>\n<td style=\"text-align: left;\" width=\"284\"><span style=\"color: #000000;\"><strong>A\u00e7\u00f5es a Desenvolver<\/strong><\/span><\/td>\n<\/tr>\n<tr>\n<td style=\"text-align: left;\" width=\"67\"><span style=\"color: #000000;\"><strong>1<\/strong><\/span><\/td>\n<td style=\"text-align: left;\" width=\"252\"><a href=\"https:\/\/www.pnrrc.pt\/index.php\/persistah\/\"><span style=\"color: #000000;\"><span style=\"color: #3366ff;\">Avalia\u00e7\u00e3o da seguran\u00e7a de estruturas de ensino<\/span><\/span><\/a><\/td>\n<td style=\"text-align: left;\" width=\"284\">\n<p style=\"text-align: left;\"><span style=\"color: #000000;\">&#8211; Cria\u00e7\u00e3o de metodologia para avalia\u00e7\u00e3o da vulnerabilidade s\u00edsmica do parque escolar;<\/span><\/p>\n<p style=\"text-align: left;\"><span style=\"color: #000000;\">&#8211; Propor medidas de refor\u00e7o s\u00edsmico das escolas.<\/span><\/p>\n<\/td>\n<\/tr>\n<tr>\n<td style=\"text-align: left;\" width=\"67\"><span style=\"color: #000000;\"><strong>2<\/strong><\/span><\/td>\n<td style=\"text-align: left;\" width=\"252\"><span style=\"color: #000000;\">Peritos em avalia\u00e7\u00e3o de danos estruturais p\u00f3s-sismo<\/span><\/td>\n<td width=\"284\">\n<p style=\"text-align: left;\"><span style=\"color: #000000;\">&#8211; Identifica\u00e7\u00e3o e forma\u00e7\u00e3o de peritos em avalia\u00e7\u00e3o de danos p\u00f3s-sismo para integrar Equipas de Avalia\u00e7\u00e3o T\u00e9cnica de estruturas;<\/span><\/p>\n<p style=\"text-align: left;\"><span style=\"color: #000000;\">&#8211; Consolida\u00e7\u00e3o do formul\u00e1rio de avalia\u00e7\u00e3o de danos em patrim\u00f3nio cultural.<\/span><\/p>\n<\/td>\n<\/tr>\n<tr>\n<td style=\"text-align: left;\" width=\"67\"><span style=\"color: #000000;\"><strong>3<\/strong><\/span><\/td>\n<td style=\"text-align: left;\" width=\"252\"><span style=\"color: #000000;\">Cidades Resilientes<\/span><\/td>\n<td width=\"284\">\n<p style=\"text-align: left;\"><span style=\"color: #000000;\">&#8211; Aumentar o n\u00ba de \u201cCidades Resilientes\u201d;<\/span><\/p>\n<p style=\"text-align: left;\"><span style=\"color: #000000;\">&#8211; Promover a resili\u00eancia a n\u00edvel local \u2013 cria\u00e7\u00e3o de Plataformas Locais de Redu\u00e7\u00e3o do Risco de Cat\u00e1strofes.<\/span><\/p>\n<\/td>\n<\/tr>\n<tr>\n<td style=\"text-align: left;\" width=\"67\"><span style=\"color: #000000;\"><strong>4<\/strong><\/span><\/td>\n<td style=\"text-align: left;\" width=\"252\"><span style=\"color: #000000;\">Resili\u00eancia de Infraestruturas Cr\u00edticas do Setor Privado e Empresarial do Estado<\/span><\/td>\n<td width=\"284\">\n<p style=\"text-align: left;\"><span style=\"color: #000000;\">&#8211; Incorporar as interdepend\u00eancias setoriais no aumento da resili\u00eancia de infraestruturas fornecedoras de servi\u00e7os\u00a0 essenciais \u00e0 sociedade;<\/span><\/p>\n<p style=\"text-align: left;\"><span style=\"color: #000000;\">&#8211; Cria\u00e7\u00e3o de metodologias de identifica\u00e7\u00e3o de interdepend\u00eancias;<\/span><\/p>\n<p style=\"text-align: left;\"><span style=\"color: #000000;\">&#8211; Promo\u00e7\u00e3o de intera\u00e7\u00e3o e ajuda m\u00fatua intersetorial em cen\u00e1rios de disrup\u00e7\u00e3o;<\/span><\/p>\n<p style=\"text-align: left;\"><span style=\"color: #000000;\">&#8211; Elabora\u00e7\u00e3o de um Manual Pr\u00e1tico de Gest\u00e3o de Interdepend\u00eancias.<\/span><\/p>\n<\/td>\n<\/tr>\n<tr>\n<td style=\"text-align: left;\" width=\"67\"><span style=\"color: #000000;\"><strong>5<\/strong><\/span><\/td>\n<td style=\"text-align: left;\" width=\"252\"><span style=\"color: #000000;\">Bases de Dados de Danos<\/span><\/td>\n<td width=\"284\">\n<p style=\"text-align: left;\"><span style=\"color: #000000;\">&#8211; Compila\u00e7\u00e3o de informa\u00e7\u00e3o sobre registo de perdas decorrentes de acidentes graves ou cat\u00e1strofes;<\/span><\/p>\n<p style=\"text-align: left;\"><span style=\"color: #000000;\">&#8211; Desenvolver modelo de base de dados e de c\u00e1lculo de indicadores a reportar \u00e0 UNISDR.<\/span><\/p>\n<\/td>\n<\/tr>\n<tr>\n<td style=\"text-align: left;\" width=\"67\"><span style=\"color: #000000;\"><strong>6<\/strong><\/span><\/td>\n<td style=\"text-align: left;\" width=\"252\"><span style=\"color: #000000;\">Patrim\u00f3nio cultural<\/span><\/td>\n<td width=\"284\">\n<p style=\"text-align: left;\"><span style=\"color: #000000;\">&#8211; Promover a redu\u00e7\u00e3o de riscos de cat\u00e1strofes no patrim\u00f3nio cultural;<\/span><\/p>\n<p style=\"text-align: left;\"><span style=\"color: #000000;\">&#8211; Elabora\u00e7\u00e3o de Guia de Boas Pr\u00e1ticas sobre redu\u00e7\u00e3o de riscos em patrim\u00f3nio classificado.<\/span><\/p>\n<\/td>\n<\/tr>\n<\/tbody>\n<\/table>\n<p>&nbsp;<\/p>\n","protected":false},"excerpt":{"rendered":"<p>O Plano de Atividades da PNRRC para o tri\u00e9nio 2018-2020 caracteriza-se pela persecu\u00e7\u00e3o de medidas transversais tendentes \u00e0 redu\u00e7\u00e3o de\u00a0risco e ao aumento da resili\u00eancia, tendo como linha de a\u00e7\u00e3o a cria\u00e7\u00e3o de grupos de trabalho para metas espec\u00edficas.\u00a0A saber:<\/p>\n","protected":false},"author":2,"featured_media":0,"parent":0,"menu_order":0,"comment_status":"closed","ping_status":"closed","template":"","meta":[],"_links":{"self":[{"href":"https:\/\/www.pnrrc.pt\/index.php\/wp-json\/wp\/v2\/pages\/2040"}],"collection":[{"href":"https:\/\/www.pnrrc.pt\/index.php\/wp-json\/wp\/v2\/pages"}],"about":[{"href":"https:\/\/www.pnrrc.pt\/index.php\/wp-json\/wp\/v2\/types\/page"}],"author":[{"embeddable":true,"href":"https:\/\/www.pnrrc.pt\/index.php\/wp-json\/wp\/v2\/users\/2"}],"replies":[{"embeddable":true,"href":"https:\/\/www.pnrrc.pt\/index.php\/wp-json\/wp\/v2\/comments?post=2040"}],"version-history":[{"count":3,"href":"https:\/\/www.pnrrc.pt\/index.php\/wp-json\/wp\/v2\/pages\/2040\/revisions"}],"predecessor-version":[{"id":2079,"href":"https:\/\/www.pnrrc.pt\/index.php\/wp-json\/wp\/v2\/pages\/2040\/revisions\/2079"}],"wp:attachment":[{"href":"https:\/\/www.pnrrc.pt\/index.php\/wp-json\/wp\/v2\/media?parent=2040"}],"curies":[{"name":"wp","href":"https:\/\/api.w.org\/{rel}","templated":true}]}}