
{"id":152,"date":"2015-10-07T09:47:48","date_gmt":"2015-10-07T09:47:48","guid":{"rendered":"http:\/\/www.pnrrc.pt\/?page_id=152"},"modified":"2015-10-09T12:02:53","modified_gmt":"2015-10-09T12:02:53","slug":"documentos-estruturantes","status":"publish","type":"page","link":"https:\/\/www.pnrrc.pt\/index.php\/documentos-estruturantes\/","title":{"rendered":"Estrat\u00e9gia Internacional para a Redu\u00e7\u00e3o do Risco de Cat\u00e1strofes"},"content":{"rendered":"<p style=\"text-align: justify;\"><span style=\"color: #000000;\">A Estrat\u00e9gia Internacional de Redu\u00e7\u00e3o do Risco de Cat\u00e1strofes\u00a0&#8211; <strong><span style=\"color: #3366ff;\"><a style=\"color: #3366ff;\" href=\"http:\/\/www.unisdr.org\/\">ISDR<\/a><\/span><\/strong> &#8211;\u00a0foi implementada em 1999 e pretende ser, no \u00e2mago da\u00a0Organiza\u00e7\u00e3o das Na\u00e7\u00f5es Unidas, o Ponto Focal designado para Coordenar a Redu\u00e7\u00e3o do Risco de Cat\u00e1strofes\u00a0 e para assegurar sinergias entre as atividades das Na\u00e7\u00f5es Unidas e demais Organiza\u00e7\u00f5es Regionais em torno da\u00a0Redu\u00e7\u00e3o do Risco de Cat\u00e1strofes\u00a0e promover atividades nos campos Socioecon\u00f3mico e\u00a0Humanit\u00e1rios.<\/span><\/p>\n<p style=\"text-align: justify;\"><span style=\"color: #000000;\">Entre outras A\u00e7\u00f5es a ISDR\u00a0Coordena os Esfor\u00e7os Internacionais na\u00a0Redu\u00e7\u00e3o de Risco de Cat\u00e1strofes, coordenando\u00a0e informando sobre o progresso na<strong> implementa\u00e7\u00e3o das Declara\u00e7\u00f5es de\u00a0Hyogo e Sendai.<\/strong><\/span><\/p>\n<p style=\"text-align: justify;\"><span style=\"color: #000000;\">O objectivo destas declara\u00e7\u00f5es formais \u00e9 a promo\u00e7\u00e3o do <strong>Aumento da Resili\u00eancia das Na\u00e7\u00f5es e das Comunidades face \u00e0 ocorr\u00eancia de cat\u00e1strofes<\/strong>\u00a0ao alcan\u00e7ar, para o ano 2025, uma redu\u00e7\u00e3o consider\u00e1vel das perdas\u00a0resultantes de eventos extremos,\u00a0tanto em termos de vidas humanas quanto em bens\u00a0sociais, econ\u00f3micos\u00a0e ambientais das\u00a0popula\u00e7\u00f5es e das na\u00e7\u00f5es.<\/span><br \/>\n<span style=\"color: #000000;\"><b><br \/>\n<\/b> <strong>Hyogo e Sendai oferecem\u00a0 \u00e1reas priorit\u00e1rias para a tomada de decis\u00f5es, em iguais desafios e meios pr\u00e1ticos\u00a0para Aumentar a Resili\u00eancia das Comunidades Vulner\u00e1veis \u00e0s Cat\u00e1strofe<\/strong><b>s, <\/b>no contexto do Desenvolvimento Sustent\u00e1vel.<b><br \/>\n<\/b><\/span><\/p>\n<p>&nbsp;<\/p>\n<p style=\"text-align: center;\"><a href=\"https:\/\/www.pnrrc.pt\/wp-content\/uploads\/2015\/10\/un.jpg\"><img decoding=\"async\" loading=\"lazy\" class=\"aligncenter size-medium wp-image-324\" src=\"https:\/\/www.pnrrc.pt\/wp-content\/uploads\/2015\/10\/un-300x225.jpg\" alt=\"un\" width=\"300\" height=\"225\" srcset=\"https:\/\/www.pnrrc.pt\/wp-content\/uploads\/2015\/10\/un-300x225.jpg 300w, https:\/\/www.pnrrc.pt\/wp-content\/uploads\/2015\/10\/un.jpg 450w\" sizes=\"(max-width: 300px) 100vw, 300px\" \/><\/a><\/p>\n","protected":false},"excerpt":{"rendered":"<p>A Estrat\u00e9gia Internacional de Redu\u00e7\u00e3o do Risco de Cat\u00e1strofes\u00a0&#8211; ISDR &#8211;\u00a0foi implementada em 1999 e pretende ser, no \u00e2mago da\u00a0Organiza\u00e7\u00e3o das Na\u00e7\u00f5es Unidas, o Ponto Focal designado para Coordenar a Redu\u00e7\u00e3o do Risco de Cat\u00e1strofes\u00a0 e para assegurar sinergias entre<\/p>\n","protected":false},"author":2,"featured_media":0,"parent":0,"menu_order":0,"comment_status":"closed","ping_status":"closed","template":"","meta":[],"_links":{"self":[{"href":"https:\/\/www.pnrrc.pt\/index.php\/wp-json\/wp\/v2\/pages\/152"}],"collection":[{"href":"https:\/\/www.pnrrc.pt\/index.php\/wp-json\/wp\/v2\/pages"}],"about":[{"href":"https:\/\/www.pnrrc.pt\/index.php\/wp-json\/wp\/v2\/types\/page"}],"author":[{"embeddable":true,"href":"https:\/\/www.pnrrc.pt\/index.php\/wp-json\/wp\/v2\/users\/2"}],"replies":[{"embeddable":true,"href":"https:\/\/www.pnrrc.pt\/index.php\/wp-json\/wp\/v2\/comments?post=152"}],"version-history":[{"count":20,"href":"https:\/\/www.pnrrc.pt\/index.php\/wp-json\/wp\/v2\/pages\/152\/revisions"}],"predecessor-version":[{"id":363,"href":"https:\/\/www.pnrrc.pt\/index.php\/wp-json\/wp\/v2\/pages\/152\/revisions\/363"}],"wp:attachment":[{"href":"https:\/\/www.pnrrc.pt\/index.php\/wp-json\/wp\/v2\/media?parent=152"}],"curies":[{"name":"wp","href":"https:\/\/api.w.org\/{rel}","templated":true}]}}