
{"id":14,"date":"2015-09-17T11:29:09","date_gmt":"2015-09-17T11:29:09","guid":{"rendered":"http:\/\/www.pnrrc.pt\/?page_id=14"},"modified":"2015-10-07T14:02:21","modified_gmt":"2015-10-07T14:02:21","slug":"a-pnrrc","status":"publish","type":"page","link":"https:\/\/www.pnrrc.pt\/index.php\/a-pnrrc\/","title":{"rendered":"A PNRRC"},"content":{"rendered":"<p style=\"text-align: justify;\"><span style=\"color: #000000;\">Foi aprovada em 2000 no seio das Na\u00e7\u00f5es Unidas, pela resolu\u00e7\u00e3o RES\/54\/219, a Estrat\u00e9gia Internacional para a Redu\u00e7\u00e3o de Desastres, com o objectivo de aumentar a capacidade de resili\u00eancia das comunidades.<\/span><\/p>\n<p style=\"text-align: justify;\"><span style=\"color: #000000;\">No \u00e2mbito desta Estrat\u00e9gia, realizou-se em janeiro de 2005 em Kobe, no Jap\u00e3o, a Confer\u00eancia Mundial sobre a Preven\u00e7\u00e3o de Cat\u00e1strofes na qual foram aprovados, por 168 Estados-Membros da Na\u00e7\u00f5es Unidas, incluindo Portugal, a<\/span> <span style=\"color: #3366ff;\"><strong><b><a style=\"color: #3366ff;\" href=\"http:\/\/www.proteccaocivil.pt\/SistemaNacional\/Comissao\/Documents\/Hyogo-declaration-english.pdf\"><strong>Declara\u00e7\u00e3o de Hyogo<\/strong><\/a><\/b><\/strong><\/span> <span style=\"color: #000000;\">e o seu<\/span> <span style=\"color: #3366ff;\"><strong><b><a style=\"color: #3366ff;\" href=\"http:\/\/www.proteccaocivil.pt\/SistemaNacional\/Comissao\/Documents\/Hyogo-framework-for-action-english.pdf\"><strong>Quadro de Ac\u00e7\u00e3o<\/strong><\/a><\/b><\/strong><\/span>.<\/p>\n<p style=\"text-align: justify;\"><span style=\"color: #000000;\">Portugal designou em 2001 o ent\u00e3o Servi\u00e7o Nacional de Bombeiros e Prote\u00e7\u00e3o Civil como ponto focal para a Estrat\u00e9gia Internacional para a Redu\u00e7\u00e3o de Cat\u00e1strofes, na qual se insere a Plataforma para a Redu\u00e7\u00e3o oe Risco de Cat\u00e1strofes (Despacho do Chefe de Gabinete do Ministro da Administra\u00e7\u00e3o Interna \u2013 OF n\u00ba 7323 de 21\/12\/04)<\/span><\/p>\n<p style=\"text-align: justify;\"><span style=\"color: #000000;\">Em 2010 foi criada formalmente a Plataforma Nacional para a Redu\u00e7\u00e3o do Risco de Cat\u00e1strofes, que \u00e9 a pr\u00f3pria\u00a0<span style=\"color: #3366ff;\"><strong><a style=\"color: #3366ff;\" href=\"http:\/\/www.proteccaocivil.pt\/SistemaNacional\/Comissao\/Pages\/Composicao.aspx\">Comiss\u00e3o Nacional de\u00a0Prote\u00e7\u00e3o Civil<\/a><\/strong><\/span>, e de uma Sub-Comiss\u00e3o de car\u00e1cter executivo destinada a dar corpo \u00e0s actividades de\u00a0Redu\u00e7\u00e3o do Risco e aumento da Resili\u00eancia.<\/span><\/p>\n<p>&nbsp;<\/p>\n","protected":false},"excerpt":{"rendered":"<p>Foi aprovada em 2000 no seio das Na\u00e7\u00f5es Unidas, pela resolu\u00e7\u00e3o RES\/54\/219, a Estrat\u00e9gia Internacional para a Redu\u00e7\u00e3o de Desastres, com o objectivo de aumentar a capacidade de resili\u00eancia das comunidades. No \u00e2mbito desta Estrat\u00e9gia, realizou-se em janeiro de 2005<\/p>\n","protected":false},"author":7,"featured_media":0,"parent":0,"menu_order":0,"comment_status":"closed","ping_status":"closed","template":"","meta":[],"_links":{"self":[{"href":"https:\/\/www.pnrrc.pt\/index.php\/wp-json\/wp\/v2\/pages\/14"}],"collection":[{"href":"https:\/\/www.pnrrc.pt\/index.php\/wp-json\/wp\/v2\/pages"}],"about":[{"href":"https:\/\/www.pnrrc.pt\/index.php\/wp-json\/wp\/v2\/types\/page"}],"author":[{"embeddable":true,"href":"https:\/\/www.pnrrc.pt\/index.php\/wp-json\/wp\/v2\/users\/7"}],"replies":[{"embeddable":true,"href":"https:\/\/www.pnrrc.pt\/index.php\/wp-json\/wp\/v2\/comments?post=14"}],"version-history":[{"count":10,"href":"https:\/\/www.pnrrc.pt\/index.php\/wp-json\/wp\/v2\/pages\/14\/revisions"}],"predecessor-version":[{"id":235,"href":"https:\/\/www.pnrrc.pt\/index.php\/wp-json\/wp\/v2\/pages\/14\/revisions\/235"}],"wp:attachment":[{"href":"https:\/\/www.pnrrc.pt\/index.php\/wp-json\/wp\/v2\/media?parent=14"}],"curies":[{"name":"wp","href":"https:\/\/api.w.org\/{rel}","templated":true}]}}

<p style="text-align: justify;"><span style="color: #000000;">Foi aprovada em 2000 no seio das Nações Unidas, pela resolução RES/54/219, a Estratégia Internacional para a Redução de Desastres, com o objectivo de aumentar a capacidade de resiliência das comunidades.</span></p>
<p style="text-align: justify;"><span style="color: #000000;">No âmbito desta Estratégia, realizou-se em janeiro de 2005 em Kobe, no Japão, a Conferência Mundial sobre a Prevenção de Catástrofes na qual foram aprovados, por 168 Estados-Membros da Nações Unidas, incluindo Portugal, a</span> <span style="color: #3366ff;"><strong><b><a style="color: #3366ff;" href="http://www.proteccaocivil.pt/SistemaNacional/Comissao/Documents/Hyogo-declaration-english.pdf"><strong>Declaração de Hyogo</strong></a></b></strong></span> <span style="color: #000000;">e o seu</span> <span style="color: #3366ff;"><strong><b><a style="color: #3366ff;" href="http://www.proteccaocivil.pt/SistemaNacional/Comissao/Documents/Hyogo-framework-for-action-english.pdf"><strong>Quadro de Acção</strong></a></b></strong></span>.</p>
<p style="text-align: justify;"><span style="color: #000000;">Portugal designou em 2001 o então Serviço Nacional de Bombeiros e Proteção Civil como ponto focal para a Estratégia Internacional para a Redução de Catástrofes, na qual se insere a Plataforma para a Redução oe Risco de Catástrofes (Despacho do Chefe de Gabinete do Ministro da Administração Interna – OF nº 7323 de 21/12/04)</span></p>
<p style="text-align: justify;"><span style="color: #000000;">Em 2010 foi criada formalmente a Plataforma Nacional para a Redução do Risco de Catástrofes, que é a própria <span style="color: #3366ff;"><strong><a style="color: #3366ff;" href="http://www.proteccaocivil.pt/SistemaNacional/Comissao/Pages/Composicao.aspx">Comissão Nacional de Proteção Civil</a></strong></span>, e de uma Sub-Comissão de carácter executivo destinada a dar corpo às actividades de Redução do Risco e aumento da Resiliência.</span></p>
<p>&nbsp;</p>

<p>Foi aprovada em 2000 no seio das Nações Unidas, pela resolução RES/54/219, a Estratégia Internacional para a Redução de Desastres, com o objectivo de aumentar a capacidade de resiliência das comunidades. No âmbito desta Estratégia, realizou-se em janeiro de 2005</p>
