
{"id":122,"date":"2015-10-06T21:01:53","date_gmt":"2015-10-06T21:01:53","guid":{"rendered":"http:\/\/www.pnrrc.pt\/?page_id=122"},"modified":"2017-10-02T12:21:59","modified_gmt":"2017-10-02T12:21:59","slug":"teste","status":"publish","type":"page","link":"https:\/\/www.pnrrc.pt\/index.php\/inicio\/documentos\/teste\/","title":{"rendered":"Objectivos"},"content":{"rendered":"<p style=\"text-align: justify;\"><span style=\"color: #000000;\"><strong>A Sub-Comiss\u00e3o tem como objectivo <\/strong>o\u00a0promover a<strong> implementa\u00e7\u00e3o do Plano de Actividades emanado pela\u00a0Plataforma Nacional para a Redu\u00e7\u00e3o do Risco de Cat\u00e1strofes <\/strong>e de propor a<strong> realiza\u00e7\u00e3o de ac\u00e7\u00f5es nos dom\u00ednios do Quadro de Ac\u00e7\u00e3o de Hyogo e Quadro de Sendai.<\/strong> Foi nesta cidade japonesa onde em Mar\u00e7o de 2015 decorreu a 3\u00aa Confer\u00eancia Mundial para a Redu\u00e7\u00e3o do Risco de Cat\u00e1strofes onde Portugal esteve representado por uma delega\u00e7\u00e3o chefiada por S. Exa a Ministra da Administra\u00e7\u00e3o Interna e que contou com representantes da Sub-Comiss\u00e3o.\u00a0<\/span><\/p>\n<p style=\"text-align: justify;\"><span style=\"color: #000000;\">Em Sendai foi <strong>adoptado o Quadro para a Redu\u00e7\u00e3o do Risco de Cat\u00e1strofes 2015-2030<\/strong>, que define as prioridades para os pr\u00f3ximos 15 anos no \u00e2mbito da resili\u00eancia e redu\u00e7\u00e3o de risco<\/span><\/p>\n<p>&nbsp;<\/p>\n","protected":false},"excerpt":{"rendered":"<p>A Sub-Comiss\u00e3o tem como objectivo o\u00a0promover a implementa\u00e7\u00e3o do Plano de Actividades emanado pela\u00a0Plataforma Nacional para a Redu\u00e7\u00e3o do Risco de Cat\u00e1strofes e de propor a realiza\u00e7\u00e3o de ac\u00e7\u00f5es nos dom\u00ednios do Quadro de Ac\u00e7\u00e3o de Hyogo e Quadro de<\/p>\n","protected":false},"author":2,"featured_media":0,"parent":24,"menu_order":0,"comment_status":"closed","ping_status":"closed","template":"","meta":[],"_links":{"self":[{"href":"https:\/\/www.pnrrc.pt\/index.php\/wp-json\/wp\/v2\/pages\/122"}],"collection":[{"href":"https:\/\/www.pnrrc.pt\/index.php\/wp-json\/wp\/v2\/pages"}],"about":[{"href":"https:\/\/www.pnrrc.pt\/index.php\/wp-json\/wp\/v2\/types\/page"}],"author":[{"embeddable":true,"href":"https:\/\/www.pnrrc.pt\/index.php\/wp-json\/wp\/v2\/users\/2"}],"replies":[{"embeddable":true,"href":"https:\/\/www.pnrrc.pt\/index.php\/wp-json\/wp\/v2\/comments?post=122"}],"version-history":[{"count":15,"href":"https:\/\/www.pnrrc.pt\/index.php\/wp-json\/wp\/v2\/pages\/122\/revisions"}],"predecessor-version":[{"id":850,"href":"https:\/\/www.pnrrc.pt\/index.php\/wp-json\/wp\/v2\/pages\/122\/revisions\/850"}],"up":[{"embeddable":true,"href":"https:\/\/www.pnrrc.pt\/index.php\/wp-json\/wp\/v2\/pages\/24"}],"wp:attachment":[{"href":"https:\/\/www.pnrrc.pt\/index.php\/wp-json\/wp\/v2\/media?parent=122"}],"curies":[{"name":"wp","href":"https:\/\/api.w.org\/{rel}","templated":true}]}}

<p style="text-align: justify;"><span style="color: #000000;"><strong>A Sub-Comissão tem como objectivo </strong>o promover a<strong> implementação do Plano de Actividades emanado pela Plataforma Nacional para a Redução do Risco de Catástrofes </strong>e de propor a<strong> realização de acções nos domínios do Quadro de Acção de Hyogo e Quadro de Sendai.</strong> Foi nesta cidade japonesa onde em Março de 2015 decorreu a 3ª Conferência Mundial para a Redução do Risco de Catástrofes onde Portugal esteve representado por uma delegação chefiada por S. Exa a Ministra da Administração Interna e que contou com representantes da Sub-Comissão. </span></p>
<p style="text-align: justify;"><span style="color: #000000;">Em Sendai foi <strong>adoptado o Quadro para a Redução do Risco de Catástrofes 2015-2030</strong>, que define as prioridades para os próximos 15 anos no âmbito da resiliência e redução de risco</span></p>
<p>&nbsp;</p>

<p>A Sub-Comissão tem como objectivo o promover a implementação do Plano de Actividades emanado pela Plataforma Nacional para a Redução do Risco de Catástrofes e de propor a realização de acções nos domínios do Quadro de Acção de Hyogo e Quadro de</p>
